3/9 - (-2)/3. Suppose -1 = -4*b + z, -7*z = b - 2*z + 26. Let m be -7*(b - -2)*-1. Calculate the greatest common factor of m and f.
1
Let o(q) = -q**3 - 2*q**2 + 2. Let c be o(-2). Suppose c*i - 3 - 1 = 0. Suppose 4*n - i = 46. Calculate the highest common factor of 48 and n.
12
Let f be (-31)/(-3) + 4/6. Let b be 2/f + 304/22. Let z be (-4)/14 - 788/(-14). Calculate the highest common factor of z and b.
14
Suppose l - 2 = 3. Suppose 3*o - 42 = -0*o. Let c be o/(l/((-10)/(-4))). What is the highest common divisor of 49 and c?
7
Suppose p - 72 = -3*a + 22, 2*a = -5*p + 54. What is the greatest common divisor of a and 16?
16
Let d = -7 + 7. Suppose 198 = 3*m - d*m. Suppose 2*t + 91 = 2*j + t, -167 = -4*j - 3*t. Calculate the greatest common divisor of m and j.
22
Let w be 1/2 + (-5)/(-2). Suppose 0 = 6*p - 4*p - 6. What is the highest common divisor of w and p?
3
Let y be (-56)/(-16)*(-24)/(-14). Suppose 0 = 2*h - y*h + 52. Calculate the greatest common divisor of 117 and h.
13
Let b = -68 + 211. What is the highest common divisor of 13 and b?
13
Let k(p) = p**3 - 2*p - 1. Let j be k(2). Suppose -11 = -c - 2*a + j*a, -c + 14 = -2*a. Calculate the greatest common divisor of c and 2.
2
Suppose -3*a = 4*c - 2*a - 199, 2*a = -c + 55. Calculate the highest common divisor of 49 and c.
49
Let q = -14 - -35. Calculate the greatest common divisor of q and 35.
7
Let k be ((-6)/5)/((-45)/1200). Calculate the highest common divisor of 96 and k.
32
Suppose -104 = -15*o + 11*o. Calculate the highest common factor of o and 13.
13
Let a(k) = 8*k**2 - k. Let s be a(-4). What is the highest common divisor of s and 12?
12
Let y be (66/(-8))/((-6)/32). What is the greatest common factor of y and 4?
4
Let c be (-16)/(-3)*-2*3. Let y be ((-24)/16)/(3/c). What is the greatest common factor of 2 and y?
2
Let k(o) = -o - 1. Let v be k(-3). Suppose -3*w - 87 = -4*q, v*w + 8 = -4*q + 70. What is the greatest common factor of 18 and q?
18
Let k be (49 + (4 - 2))*1. Calculate the greatest common divisor of 34 and k.
17
Suppose 68 + 50 = -2*l + g, l - 2*g = -62. Let c = -84 - l. Let y = c - -68. What is the greatest common factor of y and 105?
21
Let n = -8 - -12. Suppose n*w - 4*o = 63 + 13, -w = -2*o - 18. Calculate the highest common factor of 4 and w.
4
Let c(a) = 18*a + 20. Let f be c(2). Calculate the greatest common divisor of f and 28.
28
Let j(n) = 2*n**2 - 5*n - 7. Let b be j(5). Let p be 6/b + 70/6. Let a(m) = 4*m**2 - 3*m - 1. Let k be a(5). What is the greatest common factor of p and k?
12
Let h be (256/(-24))/(-8)*39/2. Calculate the highest common factor of 2 and h.
2
Suppose -z = 0, -3*n - n = 4*z - 56. What is the highest common factor of 2 and n?
2
Let k be 26 - 1*12/(-6). What is the greatest common factor of 42 and k?
14
Let s(l) = 2*l**2 - 9. Let k be s(3). What is the highest common divisor of 72 and k?
9
Suppose 562 = 7*r - 285. What is the greatest common factor of r and 22?
11
Let c be 4/5*5/2. Suppose 4*x - 28 = -5*j, -4*j + 13 = 2*x - 7. What is the highest common divisor of c and x?
2
Let w be -1 + (2 - 92/(-2)). Suppose 4*p = 29 + w. Calculate the greatest common factor of 95 and p.
19
Let m(u) = 23*u**2 + 4*u + 4. Let h be m(-2). Calculate the greatest common divisor of 22 and h.
22
Suppose 24 = -28*v + 30*v. Calculate the highest common factor of v and 84.
12
Let x = 4 - -61. What is the highest common divisor of x and 5?
5
Suppose 0 = 3*q + 4*w - 81, -6*q - w = -2*q - 95. Suppose -500 - 75 = -5*o. Calculate the greatest common divisor of q and o.
23
Suppose 14 + 17 = 2*y - 3*h, y + 5*h = 35. Let i(m) = 8*m**2 + 11*m - 32. Let d be i(4). Calculate the highest common divisor of d and y.
20
Let j = -39 - -49. Calculate the greatest common factor of j and 10.
10
Let f = -216 + 461. Calculate the greatest common factor of f and 35.
35
Let t be 1/5 - 531/(-45). Calculate the highest common factor of t and 4.
4
Let d(f) = 5*f - 21. Let i be d(9). What is the highest common divisor of 40 and i?
8
Let s = -499 - -535. Suppose 4*z = -0*z + 72. Calculate the greatest common factor of s and z.
18
Suppose -3*a = 2*m + 14, 4*a - 16 = 3*m + 22. Let b = m - -18. Calculate the greatest common divisor of 4 and b.
4
Let k be 1*78 + 2 - 3. What is the highest common factor of 11 and k?
11
Let z = 41 - 31. Let p be 1 + -64 + (-1 - -2). Let a = p - -172. Calculate the highest common factor of a and z.
10
Suppose 79 = 6*x - 29. Calculate the highest common divisor of 63 and x.
9
Let v(l) = -l - 2. Let h be v(-7). Suppose h*y + y - 84 = 0. What is the greatest common divisor of y and 2?
2
Let b be (-451)/(-44) + 1/(-4). Calculate the highest common divisor of 10 and b.
10
Let a(b) = b**2 - b - 16. Let g be a(7). What is the highest common divisor of 39 and g?
13
Suppose -i + 3*i + 2*k + 2 = 0, 5*i + 4*k = -3. What is the highest common factor of i and 3?
1
Let t be 3/(-2)*1*2. Let r be 0 + t*-1*9. Let b be (7/28)/(3/36). What is the highest common divisor of b and r?
3
Let c be 19 + 3*2/6. Suppose 24 = y - c. Calculate the highest common factor of 11 and y.
11
Let b = -26 + 20. Let c be (b + 3 + -2)/(-1). What is the greatest common factor of c and 25?
5
Let x = -69 - -245. Let s(c) = c**2 - 8*c + 6. Let i be s(8). Let f = 22 - i. What is the greatest common divisor of f and x?
16
Suppose -5*q - 11 = 4*h, 2*q - 17 = -h - 19. Calculate the greatest common factor of q and 7.
1
Suppose 2*w + 0*w + 9 = 5*r, -6 = 2*r + 4*w. Calculate the greatest common divisor of 3 and r.
1
Suppose 0 = 8*a - 11*a + 75. Calculate the highest common divisor of 5 and a.
5
Suppose -114 = 7*x - 10*x + s, -5*x = -2*s - 190. Calculate the highest common divisor of 57 and x.
19
Suppose 3*r + 306 = 3*g, 3*g + 3*r = -0*r + 288. Suppose u - 11 = -0*u. Let i be (-1 - -2) + u + -1. What is the highest common factor of g and i?
11
Let l = -2 + 1. Let o be l + 24/3*2. Calculate the greatest common factor of o and 3.
3
Suppose 21 = 3*s - 2*i, 6*s - 3*i = 7*s - 7. Suppose 5*r - s = 3. What is the greatest common divisor of r and 4?
2
Let l be (-3 - -8) + (1 - 0). Let s be 696/10 + l/15. Suppose 5*d + 3*k - s = 0, 3*d + d + 3*k = 59. Calculate the highest common divisor of d and 33.
11
Suppose -4*g + 5 = 2*m - 15, 2*m = 4. Suppose -g*n - 6 = -54. Suppose -2*q = q - n. What is the highest common factor of 24 and q?
4
Let u be ((-9)/3)/1*-1. Suppose -u*r + 2*r = -60. Calculate the greatest common divisor of 15 and r.
15
Suppose 7*v = 5*v - 16. Let z(j) = -j**2 + j**3 + 5*j - 2*j**2 + 12*j**2 - 4. Let m be z(v). What is the highest common factor of 30 and m?
10
Let r(t) = -t**2 + 12*t + 1. Let w be r(5). Let j = -24 + w. Suppose -195 + 63 = -n. What is the greatest common divisor of j and n?
12
Let l be (-7)/(-21) + 2/3. Calculate the greatest common factor of 2 and l.
1
Let h be 55/2*16/10. Suppose -4 - h = -4*b. Let f(c) = 11*c - 3. Let t be f(3). What is the greatest common divisor of b and t?
6
Let z be 142/2 - (4 - 1). What is the highest common factor of 17 and z?
17
Let x be 2/(0/2 + -2). Let v be (x - 2)*(-10)/6. Let q = 2 + 0. Calculate the greatest common divisor of v and q.
1
Let h be (4 + -3)/(2/10). Suppose h*g - 103 = 4*w, 0 = 4*g + w - 23 - 51. Calculate the greatest common factor of g and 152.
19
Suppose 3*p + p = 200. Let a be (-2)/4 + p/4. Suppose -10*s = -8*s - 16. Calculate the highest common divisor of s and a.
4
Let c(a) = -7*a - 16. Let q be c(-5). Calculate the highest common factor of q and 171.
19
Let l = -92 - -137. What is the greatest common factor of 30 and l?
15
Let a = 27 + 15. Calculate the greatest common factor of 105 and a.
21
Let v(h) = h**3 + h**2 - h + 3. Let m be v(-2). What is the highest common divisor of 8 and m?
1
Let l = 9 + -7. Suppose -5*v + 3*f + 7 = 0, 3*f + l*f - 3 = v. Let k(y) = 5*y**2 - 3*y. Let c be k(v). Calculate the greatest common divisor of 35 and c.
7
Let l = -2 - -8. Let t = l - -8. Suppose z + 126 = 2*z. What is the highest common factor of z and t?
14
Let x(t) be the third derivative of t**5/30 + 7*t**4/12 - t**3/2 - t**2. Let k be x(-10). Calculate the greatest common divisor of k and 19.
19
Let j(n) = n**2 + 6*n + 5. Let f be j(-6). Suppose 2*r - 105 = 5*u, r = u + 19 + 29. Calculate the greatest common divisor of r and f.
5
Let z(h) = 2*h